{"id":2205,"date":"2023-06-26T11:37:43","date_gmt":"2023-06-26T09:37:43","guid":{"rendered":"https:\/\/pro-ser-001.datia-analytics.com\/?page_id=2205"},"modified":"2025-05-20T13:52:30","modified_gmt":"2025-05-20T11:52:30","slug":"politica-de-privacidad","status":"publish","type":"page","link":"https:\/\/coiqcv.com\/val\/politica-de-privacidad\/","title":{"rendered":"Pol\u00edtica de Privadesa"},"content":{"rendered":"<div data-elementor-type=\"wp-page\" data-elementor-id=\"2205\" class=\"elementor elementor-2205\" data-elementor-post-type=\"page\">\n\t\t\t\t<div data-particle_enable=\"false\" data-particle-mobile-disabled=\"false\" class=\"elementor-element elementor-element-567cfc1 e-flex e-con-boxed e-con e-parent\" data-id=\"567cfc1\" data-element_type=\"container\" data-e-type=\"container\" data-settings=\"{&quot;jet_parallax_layout_list&quot;:[]}\">\n\t\t\t\t\t<div class=\"e-con-inner\">\n\t\t<div data-particle_enable=\"false\" data-particle-mobile-disabled=\"false\" class=\"elementor-element elementor-element-6064d34 e-con-full e-flex e-con e-child\" data-id=\"6064d34\" data-element_type=\"container\" data-e-type=\"container\" data-settings=\"{&quot;jet_parallax_layout_list&quot;:[]}\">\n\t\t\t\t<div class=\"elementor-element elementor-element-9f81e15 elementor-widget elementor-widget-heading\" data-id=\"9f81e15\" data-element_type=\"widget\" data-e-type=\"widget\" data-widget_type=\"heading.default\">\n\t\t\t\t<div class=\"elementor-widget-container\">\n\t\t\t\t\t<h2 class=\"elementor-heading-title elementor-size-default\">Pol\u00edtica de Privadesa<\/h2>\t\t\t\t<\/div>\n\t\t\t\t<\/div>\n\t\t\t\t<\/div>\n\t\t\t\t\t<\/div>\n\t\t\t\t<\/div>\n\t\t<div data-particle_enable=\"false\" data-particle-mobile-disabled=\"false\" class=\"elementor-element elementor-element-e37226e e-flex e-con-boxed e-con e-parent\" data-id=\"e37226e\" data-element_type=\"container\" data-e-type=\"container\" data-settings=\"{&quot;jet_parallax_layout_list&quot;:[]}\">\n\t\t\t\t\t<div class=\"e-con-inner\">\n\t\t\t\t<div class=\"elementor-element elementor-element-654c474 elementor-widget elementor-widget-text-editor\" data-id=\"654c474\" data-element_type=\"widget\" data-e-type=\"widget\" data-widget_type=\"text-editor.default\">\n\t\t\t\t<div class=\"elementor-widget-container\">\n\t\t\t\t\t\t\t\t\t<p data-start=\"281\" data-end=\"333\"><strong data-start=\"284\" data-end=\"331\">Pol\u00edtica de Privadesa (Actualitzada maig 2025)<\/strong><\/p><p data-start=\"334\" data-end=\"442\"><strong data-start=\"334\" data-end=\"440\">Acc\u00e9s p\u00fablic a la web del Col\u00b7legi Oficial d&#039;Enginyers Qu\u00edmics de la Comunitat Valenciana (COIQCV)<\/strong><\/p><p data-start=\"444\" data-end=\"732\">En compliment del Reglament (UE) 2016\/679 del Parlament Europeu i del Consell (RGPD), aix\u00ed com de la Llei Org\u00e0nica 3\/2018, de Protecci\u00f3 de Dades Personals i garantia dels drets digitals (LOPDGDD), us informem sobre el tractament de les vostres dades personals per part del COIQCV.<\/p><hr data-start=\"734\" data-end=\"737\" \/><h3 data-start=\"739\" data-end=\"801\"><strong data-start=\"743\" data-end=\"801\">Qui \u00e9s el Responsable del tractament de les vostres dades?<\/strong><\/h3><ul data-start=\"803\" data-end=\"1080\"><li data-start=\"803\" data-end=\"885\"><p data-start=\"805\" data-end=\"885\"><strong data-start=\"805\" data-end=\"817\">Entitat:<\/strong> Col\u00b7legi Oficial d&#039;Enginyers Qu\u00edmics de la Comunitat Valenciana<\/p><\/li><li data-start=\"886\" data-end=\"908\"><p data-start=\"888\" data-end=\"908\"><strong data-start=\"888\" data-end=\"896\">CIF:<\/strong> Q4601137E<\/p><\/li><li data-start=\"909\" data-end=\"992\"><p data-start=\"911\" data-end=\"992\"><strong data-start=\"911\" data-end=\"925\">Adre\u00e7a:<\/strong> Pla\u00e7a Porta del Mar, 6 \u2013 3a planta, Despatx 21, 46004 Val\u00e8ncia<\/p><\/li><li data-start=\"993\" data-end=\"1026\"><p data-start=\"995\" data-end=\"1026\"><strong data-start=\"995\" data-end=\"1008\">Tel\u00e8fon:<\/strong> +34 670 469 715<\/p><\/li><li data-start=\"1027\" data-end=\"1080\"><p data-start=\"1029\" data-end=\"1080\"><strong data-start=\"1029\" data-end=\"1052\">Correu electr\u00f2nic:<\/strong> <a class=\"cursor-pointer\" rel=\"noopener\" data-start=\"1053\" data-end=\"1078\">administracion@coiqcv.com<\/a><\/p><\/li><\/ul><hr data-start=\"1082\" data-end=\"1085\" \/><h3 data-start=\"1087\" data-end=\"1144\"><strong data-start=\"1091\" data-end=\"1144\">Amb quina finalitat tractem les vostres dades personals?<\/strong><\/h3><p data-start=\"1146\" data-end=\"1211\">Les vostres dades personals es tractaran per a les seg\u00fcents finalitats:<\/p><ol data-start=\"1213\" data-end=\"1971\"><li data-start=\"1213\" data-end=\"1347\"><p data-start=\"1216\" data-end=\"1347\"><strong data-start=\"1216\" data-end=\"1241\">Gesti\u00f3 de consultes:<\/strong> Atendre sol\u00b7licituds, peticions, consultes o suggeriments rebuts a trav\u00e9s de la web o xarxes socials.<\/p><\/li><li data-start=\"1348\" data-end=\"1520\"><p data-start=\"1351\" data-end=\"1520\"><strong data-start=\"1351\" data-end=\"1383\">Comunicacions informatives:<\/strong> Enviament d&#039;informaci\u00f3 institucional i promocional (activitats, campanyes, esdeveniments), \u00fanicament en cas que ho hagi autoritzat.<\/p><\/li><li data-start=\"1521\" data-end=\"1659\"><p data-start=\"1524\" data-end=\"1659\"><strong data-start=\"1524\" data-end=\"1543\">Xarxes socials:<\/strong> Gesti\u00f3 de seguidors a les nostres xarxes socials, inclosa la difusi\u00f3 d&#039;informaci\u00f3 relacionada amb el Col\u00b7legi.<\/p><\/li><li data-start=\"1660\" data-end=\"1786\"><p data-start=\"1663\" data-end=\"1786\"><strong data-start=\"1663\" data-end=\"1694\">\u00c0rea privada del col\u00b7legiat:<\/strong> Control d&#039;acc\u00e9s, prestaci\u00f3 de serveis i publicaci\u00f3 d&#039;ofertes\/demandes a la RedIQ.<\/p><\/li><li data-start=\"1787\" data-end=\"1971\"><p data-start=\"1790\" data-end=\"1971\"><strong data-start=\"1790\" data-end=\"1829\">Gesti\u00f3 de beneficis amb tercers:<\/strong> Confirmaci\u00f3 de la condici\u00f3 de col\u00b7legiat per facilitar l&#039;acc\u00e9s a serveis amb condicions especials oferts per prove\u00efdors externs.<\/p><\/li><\/ol><hr data-start=\"1973\" data-end=\"1976\" \/><h3 data-start=\"1978\" data-end=\"2042\"><strong data-start=\"1982\" data-end=\"2042\">Quina \u00e9s la base legal per al tractament de les vostres dades?<\/strong><\/h3><p data-start=\"2044\" data-end=\"2129\">El tractament de les vostres dades es basa en una o diverses de les seg\u00fcents legitimacions:<\/p><ul data-start=\"2131\" data-end=\"2461\"><li data-start=\"2131\" data-end=\"2242\"><p data-start=\"2133\" data-end=\"2242\"><strong data-start=\"2133\" data-end=\"2159\">Consentiment expr\u00e9s<\/strong> de l&#039;interessat (art. 6.1.a RGPD), en particular per a l&#039;enviament de comunicacions.<\/p><\/li><li data-start=\"2243\" data-end=\"2350\"><p data-start=\"2245\" data-end=\"2350\"><strong data-start=\"2245\" data-end=\"2303\">Execuci\u00f3 duna relaci\u00f3 contractual o precontractual<\/strong> (art. 6.1.b RGPD), en el cas de col\u00b7legiats.<\/p><\/li><li data-start=\"2351\" data-end=\"2461\"><p data-start=\"2353\" data-end=\"2461\"><strong data-start=\"2353\" data-end=\"2373\">Inter\u00e8s leg\u00edtim<\/strong> del Col\u00b7legi a mantenir la relaci\u00f3 institucional amb els seus col\u00b7legiats (art. 6.1.f RGPD).<\/p><\/li><\/ul><p data-start=\"2463\" data-end=\"2605\">Podr\u00e0 <strong data-start=\"2469\" data-end=\"2498\">revocar-ne el consentiment<\/strong> en qualsevol moment, sense que aix\u00f2 afecti la licitud del tractament basat en el consentiment previ.<\/p><hr data-start=\"2607\" data-end=\"2610\" \/><h3 data-start=\"2612\" data-end=\"2667\"><strong data-start=\"2616\" data-end=\"2667\">Durant quant de temps conservarem les vostres dades?<\/strong><\/h3><p data-start=\"2669\" data-end=\"2694\">Les dades es conservaran:<\/p><ul data-start=\"2696\" data-end=\"3014\"><li data-start=\"2696\" data-end=\"2763\"><p data-start=\"2698\" data-end=\"2763\">Mentre es mantingui la finalitat per a la qual van ser recollits.<\/p><\/li><li data-start=\"2764\" data-end=\"2818\"><p data-start=\"2766\" data-end=\"2818\">Mentre es mantingui la relaci\u00f3 amb el col\u00b7legiat.<\/p><\/li><li data-start=\"2819\" data-end=\"2889\"><p data-start=\"2821\" data-end=\"2889\">Fins que sol\u00b7liciteu la supressi\u00f3 o revoqueu el vostre consentiment.<\/p><\/li><li data-start=\"2890\" data-end=\"3014\"><p data-start=\"2892\" data-end=\"3014\">Posteriorment, es conservaran degudament bloquejats el temps necessari per atendre possibles responsabilitats legals.<\/p><\/li><\/ul><hr data-start=\"3016\" data-end=\"3019\" \/><h3 data-start=\"3021\" data-end=\"3075\"><strong data-start=\"3025\" data-end=\"3075\">A quins destinataris es comunicaran les vostres dades?<\/strong><\/h3><ul data-start=\"3077\" data-end=\"3372\"><li data-start=\"3077\" data-end=\"3175\"><p data-start=\"3079\" data-end=\"3175\">No se cediran dades a tercers excepte obligaci\u00f3 legal o en els casos expressament autoritzats.<\/p><\/li><li data-start=\"3176\" data-end=\"3372\"><p data-start=\"3178\" data-end=\"3372\">En el cas de serveis oferts per tercers amb acords amb el Col\u00b7legi, nom\u00e9s es comunicar\u00e0 a aquests prove\u00efdors la <strong data-start=\"3297\" data-end=\"3323\">condici\u00f3 de col\u00b7legiat<\/strong>, amb la <strong data-start=\"3332\" data-end=\"3371\">autoritzaci\u00f3 expressa de l&#039;interessat<\/strong>.<\/p><\/li><\/ul><hr data-start=\"3374\" data-end=\"3377\" \/><h3 data-start=\"3379\" data-end=\"3446\"><strong data-start=\"3383\" data-end=\"3446\">Quins s\u00f3n els vostres drets en mat\u00e8ria de protecci\u00f3 de dades?<\/strong><\/h3><p data-start=\"3448\" data-end=\"3492\">Vost\u00e8 pot exercir els drets seg\u00fcents:<\/p><ul data-start=\"3494\" data-end=\"3751\"><li data-start=\"3494\" data-end=\"3532\"><p data-start=\"3496\" data-end=\"3532\"><strong data-start=\"3496\" data-end=\"3506\">Acc\u00e9s<\/strong> a les vostres dades personals.<\/p><\/li><li data-start=\"3533\" data-end=\"3574\"><p data-start=\"3535\" data-end=\"3574\"><strong data-start=\"3535\" data-end=\"3552\">Rectificaci\u00f3<\/strong> de dades inexactes.<\/p><\/li><li data-start=\"3575\" data-end=\"3635\"><p data-start=\"3577\" data-end=\"3635\"><strong data-start=\"3577\" data-end=\"3590\">Supressi\u00f3<\/strong> de les vostres dades quan ja no siguin necess\u00e0ries.<\/p><\/li><li data-start=\"3636\" data-end=\"3682\"><p data-start=\"3638\" data-end=\"3682\"><strong data-start=\"3638\" data-end=\"3651\">Oposici\u00f3<\/strong> al tractament de les vostres dades.<\/p><\/li><li data-start=\"3683\" data-end=\"3718\"><p data-start=\"3685\" data-end=\"3718\"><strong data-start=\"3685\" data-end=\"3699\">Limitaci\u00f3<\/strong> del tractament.<\/p><\/li><li data-start=\"3719\" data-end=\"3751\"><p data-start=\"3721\" data-end=\"3751\"><strong data-start=\"3721\" data-end=\"3737\">Portabilitat<\/strong> de les dades.<\/p><\/li><\/ul><p data-start=\"3753\" data-end=\"3934\">Podeu exercir aquests drets mitjan\u00e7ant sol\u00b7licitud adre\u00e7ada a l&#039;adre\u00e7a postal o al correu electr\u00f2nic indicats, acompanyant c\u00f2pia del vostre DNI o altre document identificatiu v\u00e0lid.<\/p><p data-start=\"3936\" data-end=\"4101\">Si considereu que els vostres drets no han estat atesos adequadament, podeu presentar una reclamaci\u00f3 davant la <strong data-start=\"4043\" data-end=\"4100\">Ag\u00e8ncia Espanyola de Protecci\u00f3 de Dades (<a class=\"\" href=\"http:\/\/www.aepd.es\" target=\"_new\" rel=\"noopener\" data-start=\"4086\" data-end=\"4097\">www.aepd.es<\/a>)<\/strong>.<\/p><hr data-start=\"4103\" data-end=\"4106\" \/><h3 data-start=\"4108\" data-end=\"4158\"><strong data-start=\"4112\" data-end=\"4158\">Qu\u00e8 passa si facilita dades de tercers?<\/strong><\/h3><p data-start=\"4160\" data-end=\"4334\">Si facilita dades de tercers, declara haver-los informat pr\u00e8viament de tot all\u00f2 previst al <strong data-start=\"4256\" data-end=\"4280\">article 14 del RGPD<\/strong> i comptar amb el seu consentiment, quan calgui.<\/p><hr data-start=\"4336\" data-end=\"4339\" \/><h3 data-start=\"4341\" data-end=\"4383\"><strong data-start=\"4345\" data-end=\"4383\">Acc\u00e9s privat a la web del COIQCV<\/strong><\/h3><p data-start=\"4385\" data-end=\"4585\">L&#039;acc\u00e9s a l&#039;\u00e0rea privada est\u00e0 restringit als col\u00b7legiats mitjan\u00e7ant codi i contrasenya personal i intransferible.<\/p><p data-start=\"4587\" data-end=\"4911\">El Col\u00b7legi no es responsabilitza de la utilitzaci\u00f3 indeguda d&#039;aquestes dades d&#039;acc\u00e9s ni de les contractacions realitzades pel col\u00b7legiat amb tercers des d&#039;enlla\u00e7os o serveis facilitats a la web. Ser\u00e0 responsabilitat del col\u00b7legiat verificar la identitat del prove\u00efdor, el domini web i les condicions legals aplicables.<\/p>\t\t\t\t\t\t\t\t<\/div>\n\t\t\t\t<\/div>\n\t\t\t\t\t<\/div>\n\t\t\t\t<\/div>\n\t\t\t\t<\/div>","protected":false},"excerpt":{"rendered":"<p>Pol\u00edtica de Privacidad Pol\u00edtica de Privacidad (Actualizada mayo 2025) Acceso p\u00fablico a la web del Colegio Oficial de Ingenieros Qu\u00edmicos de la Comunitat Valenciana (COIQCV) En cumplimiento del Reglamento (UE) 2016\/679 del Parlamento Europeo y del Consejo (RGPD), as\u00ed como de la Ley Org\u00e1nica 3\/2018, de Protecci\u00f3n de Datos Personales y garant\u00eda de los derechos [&hellip;]<\/p>\n","protected":false},"author":1,"featured_media":0,"parent":0,"menu_order":0,"comment_status":"closed","ping_status":"closed","template":"","meta":{"_monsterinsights_skip_tracking":false,"_monsterinsights_sitenote_active":false,"_monsterinsights_sitenote_note":"","_monsterinsights_sitenote_category":0,"_uf_show_specific_survey":0,"_uf_disable_surveys":false,"footnotes":""},"class_list":["post-2205","page","type-page","status-publish","hentry"],"aioseo_notices":[],"_links":{"self":[{"href":"https:\/\/coiqcv.com\/val\/wp-json\/wp\/v2\/pages\/2205","targetHints":{"allow":["GET"]}}],"collection":[{"href":"https:\/\/coiqcv.com\/val\/wp-json\/wp\/v2\/pages"}],"about":[{"href":"https:\/\/coiqcv.com\/val\/wp-json\/wp\/v2\/types\/page"}],"author":[{"embeddable":true,"href":"https:\/\/coiqcv.com\/val\/wp-json\/wp\/v2\/users\/1"}],"replies":[{"embeddable":true,"href":"https:\/\/coiqcv.com\/val\/wp-json\/wp\/v2\/comments?post=2205"}],"version-history":[{"count":25,"href":"https:\/\/coiqcv.com\/val\/wp-json\/wp\/v2\/pages\/2205\/revisions"}],"predecessor-version":[{"id":7890,"href":"https:\/\/coiqcv.com\/val\/wp-json\/wp\/v2\/pages\/2205\/revisions\/7890"}],"wp:attachment":[{"href":"https:\/\/coiqcv.com\/val\/wp-json\/wp\/v2\/media?parent=2205"}],"curies":[{"name":"wp","href":"https:\/\/api.w.org\/{rel}","templated":true}]}}